 common divisor of 73281 and 26.
13
What is the greatest common factor of 9142 and 4410?
14
Calculate the highest common factor of 1053 and 2223.
117
Calculate the highest common factor of 1540 and 5499340.
1540
What is the greatest common divisor of 575776 and 152?
152
What is the greatest common divisor of 40 and 269432?
8
Calculate the greatest common divisor of 1182 and 977514.
1182
What is the greatest common factor of 52 and 184574?
26
Calculate the greatest common factor of 49406 and 658.
14
What is the greatest common divisor of 3332 and 86338?
98
What is the greatest common factor of 63812 and 48601?
371
Calculate the greatest common divisor of 990 and 5016.
66
What is the greatest common divisor of 6 and 2754?
6
What is the greatest common divisor of 286216 and 4842?
538
Calculate the highest common divisor of 106803 and 45.
9
What is the greatest common factor of 198224 and 325?
13
Calculate the highest common factor of 81730 and 1430.
110
What is the greatest common divisor of 924 and 96756?
132
What is the greatest common divisor of 30165 and 15?
15
Calculate the greatest common divisor of 306650 and 800.
50
Calculate the highest common factor of 6105 and 132.
33
Calculate the highest common factor of 23422 and 11809.
49
What is the greatest common divisor of 535841 and 157?
157
What is the greatest common divisor of 5885 and 825?
55
Calculate the greatest common divisor of 3023643 and 201.
201
What is the greatest common factor of 2148120 and 1440?
360
What is the highest common divisor of 4635780 and 40?
20
What is the greatest common divisor of 16425 and 43435?
365
What is the greatest common divisor of 219008 and 522?
58
What is the greatest common divisor of 540104 and 4163?
181
What is the highest common factor of 915 and 45201?
183
Calculate the highest common divisor of 224162 and 374.
34
Calculate the greatest common divisor of 300 and 1416.
12
Calculate the highest common divisor of 11760 and 49875.
105
Calculate the highest common divisor of 35347 and 117.
13
What is the highest common factor of 184 and 59501?
23
What is the highest common divisor of 29785 and 2254?
161
Calculate the highest common factor of 282600 and 2200.
200
Calculate the greatest common divisor of 754 and 587743.
377
Calculate the greatest common factor of 1761732 and 252.
252
Calculate the highest common divisor of 578 and 33048.
34
Calculate the greatest common divisor of 540 and 33120.
180
Calculate the highest common factor of 2041 and 7379.
157
Calculate the greatest common factor of 29382 and 9558.
354
What is the greatest common divisor of 389 and 75?
1
Calculate the highest common divisor of 54 and 155907.
9
What is the greatest common factor of 5969 and 3683?
127
Calculate the greatest common factor of 72 and 13689.
9
What is the highest common divisor of 72534 and 157?
157
What is the highest common factor of 84540 and 60?
60
What is the greatest common factor of 6909 and 62745?
141
Calculate the highest common factor of 5418096 and 192.
48
Calculate the greatest common divisor of 4088 and 238.
14
What is the highest common divisor of 775 and 32400?
25
Calculate the highest common divisor of 55098 and 36.
18
What is the greatest common divisor of 333 and 20535?
111
Calculate the greatest common factor of 180 and 6927525.
45
What is the highest common divisor of 19124 and 77?
7
What is the highest common divisor of 331115 and 12455?
235
What is the greatest common factor of 1350 and 275?
25
What is the highest common factor of 374 and 1411?
17
Calculate the highest common divisor of 254 and 108585.
127
Calculate the highest common factor of 15290 and 515968.
278
What is the greatest common factor of 390 and 4446?
78
What is the highest common divisor of 9272 and 816?
8
Calculate the highest common divisor of 9648 and 368.
16
What is the greatest common factor of 1281 and 136213?
427
What is the greatest common divisor of 144995 and 235?
235
What is the highest common factor of 57817 and 323?
323
What is the greatest common factor of 676218 and 774?
258
Calculate the greatest common factor of 819 and 702.
117
Calculate the greatest common factor of 590 and 305620.
590
What is the greatest common factor of 1453212 and 1332?
1332
Calculate the greatest common factor of 3289 and 1298.
11
What is the greatest common divisor of 389128 and 8426?
766
Calculate the highest common divisor of 1566 and 1080.
54
What is the greatest common factor of 12440 and 7464?
2488
Calculate the greatest common factor of 15288 and 2008.
8
What is the highest common factor of 269188 and 692?
692
Calculate the highest common divisor of 120094 and 52.
26
What is the highest common divisor of 94518 and 241074?
1062
What is the greatest common factor of 1312 and 2113960?
328
Calculate the greatest common divisor of 5070 and 540.
30
What is the highest common factor of 3447664 and 209?
209
What is the greatest common factor of 6120 and 4488?
408
What is the greatest common divisor of 4560 and 62760?
120
What is the highest common factor of 206 and 548?
2
What is the greatest common divisor of 26381 and 2852?
713
What is the highest common divisor of 36693 and 243?
243
What is the greatest common divisor of 1564 and 373405?
391
Calculate the highest common factor of 936166 and 110.
22
What is the highest common factor of 3519 and 884?
17
What is the greatest common factor of 728 and 4308122?
182
Calculate the highest common factor of 1170 and 18090.
90
Calculate the greatest common factor of 112 and 37716.
28
What is the greatest common divisor of 1314 and 1026?
18
What is the highest common divisor of 13731 and 1393?
199
What is the greatest common factor of 3528 and 77346?
18
Calculate the highest common factor of 2639 and 17719.
377
Calculate the greatest common divisor of 495 and 1243.
11
What is the greatest common divisor of 11431 and 169477?
497
What is the greatest common factor of 495 and 2607990?
165
Calculate the highest common divisor of 47311 and 2944.
23
Calculate the greatest common divisor of 10716 and 26508.
564
What is the highest common divisor of 21543 and 179859?
501
What is the highest common divisor of 10377 and 54?
9
Calculate the greatest common divisor of 30316 and 14469.
689
Calculate the greatest common factor of 28 and 4509526.
14
What is the greatest common divisor of 33 and 114411?
33
Calculate the highest common divisor of 14418 and 21894.
534
What is the highest common divisor of 735327 and 12?
3
What is the highest common factor of 682 and 195844?
22
Calculate the greatest common divisor of 100 and 71650.
50
Calculate the highest common factor of 4592 and 378.
14
Calculate the greatest common divisor of 140590 and 850.
170
Calculate the greatest common factor of 1593155 and 85.
85
What is the greatest common factor of 136 and 21784?
8
Calculate the highest common factor of 358 and 15931.
179
Calculate the highest common factor of 180848 and 32.
16
Calculate the greatest common factor of 33952 and 592.
16
What is the greatest common factor of 44 and 16841?
11
Calculate the greatest common divisor of 238 and 1204.
14
What is the highest common factor of 12948 and 780?
156
What is the highest common divisor of 32 and 827?
1
Calculate the highest common factor of 760 and 31996.
76
Calculate the greatest common factor of 29596 and 6076.
196
What is the highest common divisor of 131153 and 165?
11
Calculate the greatest common divisor of 704 and 450472.
88
Calculate the greatest common factor of 11 and 945175.
11
What is the greatest common factor of 1972 and 1020?
68
What is the greatest common divisor of 4570925 and 175?
25
Calculate the highest common factor of 3483 and 143451.
81
Calculate the greatest common divisor of 2 and 5702.
2
What is the highest common factor of 30 and 3249105?
15
What is the highest common factor of 19371 and 231?
33
Calculate the greatest common divisor of 1732 and 368.
4
Calculate the highest common factor of 2277771 and 3324.
831
Calculate the greatest common factor of 580 and 3260.
20
Calculate the greatest common factor of 5619 and 504.
3
What is the greatest common divisor of 2440 and 1586?
122
Calculate the greatest common factor of 3723384 and 3.
3
What is the greatest common factor of 24795 and 4275?